{"id":1436,"date":"2014-02-21T20:59:00","date_gmt":"2014-02-21T18:59:00","guid":{"rendered":"http:\/\/www.tobias-elsner.com\/wordpress\/?page_id=1436"},"modified":"2016-04-16T12:02:45","modified_gmt":"2016-04-16T10:02:45","slug":"photogallery","status":"publish","type":"page","link":"https:\/\/www.tobias-elsner.com\/?page_id=1436","title":{"rendered":"Photogallery"},"content":{"rendered":"<div class=\"twoclick_social_bookmarks_post_1436 social_share_privacy clearfix 1.6.4 locale-de_DE sprite-de_DE\"><\/div><div class=\"twoclick-js\"><script type=\"text\/javascript\">\/* <![CDATA[ *\/\njQuery(document).ready(function($){if($('.twoclick_social_bookmarks_post_1436')){$('.twoclick_social_bookmarks_post_1436').socialSharePrivacy({\"services\":{\"facebook\":{\"status\":\"on\",\"txt_info\":\"2 Klicks f\\u00fcr mehr Datenschutz: Erst wenn Sie hier klicken, wird der Button aktiv und Sie k\\u00f6nnen Ihre Empfehlung an Facebook senden. Schon beim Aktivieren werden Daten an Dritte \\u00fcbertragen - siehe <em>i<\\\/em>.\",\"perma_option\":\"off\",\"action\":\"like\",\"language\":\"de_DE\"}},\"txt_help\":\"Wenn Sie diese Felder durch einen Klick aktivieren, werden Informationen an Facebook, Twitter, Flattr, Xing, t3n, LinkedIn, Pinterest oder Google eventuell ins Ausland \\u00fcbertragen und unter Umst\\u00e4nden auch dort gespeichert. N\\u00e4heres erfahren Sie durch einen Klick auf das <em>i<\\\/em>.\",\"settings_perma\":\"Dauerhaft aktivieren und Daten\\u00fcber-tragung zustimmen:\",\"info_link\":\"http:\\\/\\\/www.heise.de\\\/ct\\\/artikel\\\/2-Klicks-fuer-mehr-Datenschutz-1333879.html\",\"uri\":\"https:\\\/\\\/www.tobias-elsner.com\\\/?page_id=1436\",\"post_id\":1436,\"post_title_referrer_track\":\"Photogallery\",\"display_infobox\":\"on\"});}});\n\/* ]]> *\/<\/script><\/div><p>Hallo zusammen,<\/p>\n<p>hier seht ihr eine Auswahl meiner Bilder die so im Laufe der Zeit entstanden sind.<\/p>\n<p>Einige Bilder sind f\u00fcr alle sichtbar, aber einige sind auch nur f\u00fcr bestimmte Gruppen zu sehen.<\/p>\n<p>Ich w\u00fcrde mich freuen, wenn ihr mir was zu den Fotos schreibt.<\/p>\n<p>Liebe Gr\u00fc\u00dfe<\/p>\n<p>Euer<\/p>\n<p>Tobias<\/p>\n","protected":false},"excerpt":{"rendered":"<p>Hallo zusammen, hier seht ihr eine Auswahl meiner Bilder die so im Laufe der Zeit entstanden sind. Einige Bilder sind f\u00fcr alle sichtbar, aber einige sind auch nur f\u00fcr bestimmte Gruppen zu sehen. Ich w\u00fcrde mich freuen, wenn ihr mir was zu den Fotos schreibt. Liebe Gr\u00fc\u00dfe Euer Tobias<\/p>\n","protected":false},"author":1,"featured_media":0,"parent":0,"menu_order":2,"comment_status":"closed","ping_status":"closed","template":"","meta":{"ngg_post_thumbnail":0,"footnotes":""},"class_list":["post-1436","page","type-page","status-publish","hentry"],"jetpack_shortlink":"https:\/\/wp.me\/P6pYr2-na","jetpack_sharing_enabled":true,"_links":{"self":[{"href":"https:\/\/www.tobias-elsner.com\/index.php?rest_route=\/wp\/v2\/pages\/1436","targetHints":{"allow":["GET"]}}],"collection":[{"href":"https:\/\/www.tobias-elsner.com\/index.php?rest_route=\/wp\/v2\/pages"}],"about":[{"href":"https:\/\/www.tobias-elsner.com\/index.php?rest_route=\/wp\/v2\/types\/page"}],"author":[{"embeddable":true,"href":"https:\/\/www.tobias-elsner.com\/index.php?rest_route=\/wp\/v2\/users\/1"}],"replies":[{"embeddable":true,"href":"https:\/\/www.tobias-elsner.com\/index.php?rest_route=%2Fwp%2Fv2%2Fcomments&post=1436"}],"version-history":[{"count":1,"href":"https:\/\/www.tobias-elsner.com\/index.php?rest_route=\/wp\/v2\/pages\/1436\/revisions"}],"predecessor-version":[{"id":1437,"href":"https:\/\/www.tobias-elsner.com\/index.php?rest_route=\/wp\/v2\/pages\/1436\/revisions\/1437"}],"wp:attachment":[{"href":"https:\/\/www.tobias-elsner.com\/index.php?rest_route=%2Fwp%2Fv2%2Fmedia&parent=1436"}],"curies":[{"name":"wp","href":"https:\/\/api.w.org\/{rel}","templated":true}]}}

<div class="twoclick_social_bookmarks_post_1436 social_share_privacy clearfix 1.6.4 locale-de_DE sprite-de_DE"></div><div class="twoclick-js"><script type="text/javascript">/* <![CDATA[ */
jQuery(document).ready(function($){if($('.twoclick_social_bookmarks_post_1436')){$('.twoclick_social_bookmarks_post_1436').socialSharePrivacy({"services":{"facebook":{"status":"on","txt_info":"2 Klicks f\u00fcr mehr Datenschutz: Erst wenn Sie hier klicken, wird der Button aktiv und Sie k\u00f6nnen Ihre Empfehlung an Facebook senden. Schon beim Aktivieren werden Daten an Dritte \u00fcbertragen - siehe <em>i<\/em>.","perma_option":"off","action":"like","language":"de_DE"}},"txt_help":"Wenn Sie diese Felder durch einen Klick aktivieren, werden Informationen an Facebook, Twitter, Flattr, Xing, t3n, LinkedIn, Pinterest oder Google eventuell ins Ausland \u00fcbertragen und unter Umst\u00e4nden auch dort gespeichert. N\u00e4heres erfahren Sie durch einen Klick auf das <em>i<\/em>.","settings_perma":"Dauerhaft aktivieren und Daten\u00fcber-tragung zustimmen:","info_link":"http:\/\/www.heise.de\/ct\/artikel\/2-Klicks-fuer-mehr-Datenschutz-1333879.html","uri":"https:\/\/www.tobias-elsner.com\/?page_id=1436","post_id":1436,"post_title_referrer_track":"Photogallery","display_infobox":"on"});}});
/* ]]> */</script></div><p>Hallo zusammen,</p>
<p>hier seht ihr eine Auswahl meiner Bilder die so im Laufe der Zeit entstanden sind.</p>
<p>Einige Bilder sind für alle sichtbar, aber einige sind auch nur für bestimmte Gruppen zu sehen.</p>
<p>Ich würde mich freuen, wenn ihr mir was zu den Fotos schreibt.</p>
<p>Liebe Grüße</p>
<p>Euer</p>
<p>Tobias</p>

<p>Hallo zusammen, hier seht ihr eine Auswahl meiner Bilder die so im Laufe der Zeit entstanden sind. Einige Bilder sind für alle sichtbar, aber einige sind auch nur für bestimmte Gruppen zu sehen. Ich würde mich freuen, wenn ihr mir was zu den Fotos schreibt. Liebe Grüße Euer Tobias</p>
