{"id":2770,"date":"2014-06-17T18:42:21","date_gmt":"2014-06-17T16:42:21","guid":{"rendered":"http:\/\/www.tobias-elsner.com\/?page_id=2770"},"modified":"2014-09-17T12:41:57","modified_gmt":"2014-09-17T10:41:57","slug":"wandern","status":"publish","type":"page","link":"http:\/\/www.tobias-elsner.com\/?page_id=2770","title":{"rendered":"Wandern"},"content":{"rendered":"<div class=\"twoclick_social_bookmarks_post_2770 social_share_privacy clearfix 1.6.4 locale-de_DE sprite-de_DE\"><\/div><div class=\"twoclick-js\"><script type=\"text\/javascript\">\/* <![CDATA[ *\/\njQuery(document).ready(function($){if($('.twoclick_social_bookmarks_post_2770')){$('.twoclick_social_bookmarks_post_2770').socialSharePrivacy({\"services\":{\"facebook\":{\"status\":\"on\",\"txt_info\":\"2 Klicks f\\u00fcr mehr Datenschutz: Erst wenn Sie hier klicken, wird der Button aktiv und Sie k\\u00f6nnen Ihre Empfehlung an Facebook senden. Schon beim Aktivieren werden Daten an Dritte \\u00fcbertragen - siehe <em>i<\\\/em>.\",\"perma_option\":\"off\",\"action\":\"like\",\"language\":\"de_DE\"}},\"txt_help\":\"Wenn Sie diese Felder durch einen Klick aktivieren, werden Informationen an Facebook, Twitter, Flattr, Xing, t3n, LinkedIn, Pinterest oder Google eventuell ins Ausland \\u00fcbertragen und unter Umst\\u00e4nden auch dort gespeichert. N\\u00e4heres erfahren Sie durch einen Klick auf das <em>i<\\\/em>.\",\"settings_perma\":\"Dauerhaft aktivieren und Daten\\u00fcber-tragung zustimmen:\",\"info_link\":\"http:\\\/\\\/www.heise.de\\\/ct\\\/artikel\\\/2-Klicks-fuer-mehr-Datenschutz-1333879.html\",\"uri\":\"http:\\\/\\\/www.tobias-elsner.com\\\/?page_id=2770\",\"post_id\":2770,\"post_title_referrer_track\":\"Wandern\",\"display_infobox\":\"on\"});}});\n\/* ]]> *\/<\/script><\/div><p>Hallo zusammen,<br \/>\nich werde hier im Laufe der Zeit versuchen euch einige Wanderungen und Produktinfos n\u00e4her zu bringen, ob es mir gelingt wei\u00df ich noch nicht, aber ich bin stets bem\u00fcht. \ud83d\ude09<\/p>\n<p>Die Bilder gibt es dann in den Beitr\u00e4gen und unter Photogallery<\/p>\n","protected":false},"excerpt":{"rendered":"<p>Hallo zusammen, ich werde hier im Laufe der Zeit versuchen euch einige Wanderungen und Produktinfos n\u00e4her zu bringen, ob es mir gelingt wei\u00df ich noch nicht, aber ich bin stets bem\u00fcht. \ud83d\ude09 Die Bilder gibt es dann in den Beitr\u00e4gen und unter Photogallery<\/p>\n","protected":false},"author":1,"featured_media":0,"parent":1436,"menu_order":0,"comment_status":"closed","ping_status":"open","template":"","meta":{"ngg_post_thumbnail":0,"footnotes":""},"class_list":["post-2770","page","type-page","status-publish","hentry"],"jetpack_shortlink":"https:\/\/wp.me\/P6pYr2-IG","jetpack_sharing_enabled":true,"_links":{"self":[{"href":"http:\/\/www.tobias-elsner.com\/index.php?rest_route=\/wp\/v2\/pages\/2770","targetHints":{"allow":["GET"]}}],"collection":[{"href":"http:\/\/www.tobias-elsner.com\/index.php?rest_route=\/wp\/v2\/pages"}],"about":[{"href":"http:\/\/www.tobias-elsner.com\/index.php?rest_route=\/wp\/v2\/types\/page"}],"author":[{"embeddable":true,"href":"http:\/\/www.tobias-elsner.com\/index.php?rest_route=\/wp\/v2\/users\/1"}],"replies":[{"embeddable":true,"href":"http:\/\/www.tobias-elsner.com\/index.php?rest_route=%2Fwp%2Fv2%2Fcomments&post=2770"}],"version-history":[{"count":4,"href":"http:\/\/www.tobias-elsner.com\/index.php?rest_route=\/wp\/v2\/pages\/2770\/revisions"}],"predecessor-version":[{"id":3107,"href":"http:\/\/www.tobias-elsner.com\/index.php?rest_route=\/wp\/v2\/pages\/2770\/revisions\/3107"}],"up":[{"embeddable":true,"href":"http:\/\/www.tobias-elsner.com\/index.php?rest_route=\/wp\/v2\/pages\/1436"}],"wp:attachment":[{"href":"http:\/\/www.tobias-elsner.com\/index.php?rest_route=%2Fwp%2Fv2%2Fmedia&parent=2770"}],"curies":[{"name":"wp","href":"https:\/\/api.w.org\/{rel}","templated":true}]}}